2
Let s be 0 - (-7 - (-11 - -3)). Let l(p) = 2*p + 4 - 3 + 0 - 14*p**3 + p**2. Determine l(s).
14
Let k(m) be the first derivative of -m**4/4 - 4*m**3/3 - m**2 + 4*m + 2. What is k(-4)?
12
Let m(l) = 2*l + 9. Suppose -5*s - 5*d - 15 = 0, 6 + 12 = -s + 4*d. Give m(s).
-3
Let s(d) = -d + 3. Let v be s(-4). Let o(b) = -2*b + 7. Calculate o(v).
-7
Let f(v) be the third derivative of v**4/24 + v**3 + 24*v**2. Determine f(-8).
-2
Let z(g) be the third derivative of -1/24*g**4 - g**3 + 1/120*g**6 + 0*g + 0 + g**2 - 1/60*g**5. Suppose 0*q + 2*q = 0. What is z(q)?
-6
Let p(b) = 6*b + 2*b - 1 + b**2 - 2*b**2. Let l = -77 - -82. Give p(l).
14
Suppose u - 2*s - 9 = 0, u - 2*u - 9 = 4*s. Suppose 5*l + u*m + 34 = 6*m, -4*m = 2*l - 2. Let a(g) = g**2 + 7*g + 5. Determine a(l).
-5
Let c be (-60)/18*3/(-2). Let t = c - 5. Let d(s) be the second derivative of -s**3/6 + 3*s**2 - s. Give d(t).
6
Let q(r) = -3*r. Let s be 2/2*(-1 + 1). Let d = s - -9. Let t be (8/(-6))/(6/d). Determine q(t).
6
Let b(r) be the third derivative of -r**6/120 + r**4/24 + 5*r**3/6 + 31*r**2. Give b(0).
5
Let w(i) = -3*i**3 + 1. Suppose 0*v - 8 = -4*v. Suppose -2*x + 4 = -2*j, x = -v*x + 5*j + 12. Determine w(x).
4
Let g(w) = -3*w - 4. Let q be g(-8). Let i = -4 + q. Suppose -b = 3*b - i. Let l(o) = o**2 - 4*o - 3. Give l(b).
-3
Let d(x) = x - 1. Let h = -25 - -29. Calculate d(h).
3
Let r(z) = -z**3 - 4*z**2 - z + 2. Let w(u) = 2*u**2 + 13*u - 11. Let p(s) = -s**2 - 6*s + 6. Let h(l) = 5*p(l) + 2*w(l). Let j be h(-6). Give r(j).
6
Let f(k) = -4*k**2 + 5 - 6 - 3*k**2. Suppose 0 = -5*u - 2 - 3. Give f(u).
-8
Suppose 2*b - 6 = -2*z, -2*z + 9 = 2*z + b. Let c(v) = -1 - 2*v**z - 3*v + 3*v**2 + 0*v. Let f be 5/1 + 2/(-1). What is c(f)?
-1
Suppose 4*m + 0*m + 24 = 0. Let j(v) = -v**2 - 6*v + 3. What is j(m)?
3
Let z(v) = 4*v**2 - 3*v - 3. Let y(t) = 7*t**2 - 7*t - 5. Let w(j) = 3*y(j) - 5*z(j). Give w(5).
-5
Suppose -14 = j - 4*h, 10 + 28 = -5*j + 4*h. Let q be (-2 - -1)*j/1. Let z(f) = 6*f**2 - 3*f + f**3 + 4*f**3 - 36 + 30 - q*f**3. What is z(5)?
4
Let a(b) be the second derivative of b**7/420 + b**4/24 + 5*b**3/6 - 3*b. Let p(l) be the second derivative of a(l). Determine p(1).
3
Let z(f) be the second derivative of f**6/120 + f**5/30 - 5*f**4/24 - f**3/6 + 3*f**2 - 2*f. Let d(a) be the first derivative of z(a). Calculate d(-4).
-13
Suppose -2*c + y + 6 = -0*c, -y = c. Let o(r) = r**2 - 2*r + 1. Determine o(c).
1
Let t be -3 + (-6)/9*3. Let z(b) be the third derivative of b**4/24 + 2*b**3/3 + 2*b**2. What is z(t)?
-1
Let x = 35 + -35. Let w(n) be the third derivative of 1/120*n**6 - 1/6*n**4 + 1/20*n**5 + x - 2/3*n**3 + 2*n**2 + 0*n. Calculate w(-4).
-4
Let f = -5 + 0. Let x(k) = 8 - 1 + 3*k**2 - 5*k - 4*k**2. Give x(f).
7
Let t(j) = j - 6. Let d be t(8). Suppose 0 = -d*n + 3*n. Suppose 2*i + n*i = -10. Let b(r) = r**2 + 3*r - 7. Determine b(i).
3
Let l = 91 - 95. Let n(q) = -q**2 - 4*q - 6. Calculate n(l).
-6
Let g(d) = -5 - 3*d**2 - d**3 - d + 5*d + 6 - 3. Calculate g(-4).
-2
Let s = 0 - 2. Let n(v) = v**2 + 3*v + 5. Let a(l) = 1. Let u(m) = 3*a(m) - n(m). Determine u(s).
0
Let s be 3/(-18) + 435/18. Let x(t) = s - 24 - 2*t. Determine x(-1).
2
Let h(s) = -10*s**3 + 5*s**2 + 21*s - 12. Let t(r) = 7*r**3 - 3*r**2 - 14*r + 8. Let g(b) = -5*h(b) - 7*t(b). Give g(5).
-6
Suppose -5*f + 25 = -2*o + 5*o, f + 5*o - 27 = 0. Suppose 0 = 4*n - 2 - f. Let u(c) = -8*c**3 + c**2. Calculate u(n).
-7
Suppose 0 = -3*o - 15, 0*k - 2*o - 10 = k. Suppose 0 = 5*t - 2*v - 55, t + 3*v = -3 - 3. Suppose -3*s = -k*s + t. Let b(y) = 2*y**2 + 5*y + 4. Calculate b(s).
7
Let l be ((-8)/4)/((-1)/(-2)). Let y(h) = -3*h**3 + 11*h**2 - 9*h - 4. Let a(b) = -2*b**3 + 6*b**2 - 5*b - 2. Let f(u) = 5*a(u) - 3*y(u). Calculate f(l).
10
Let k(v) = 4*v + 2. Let a(h) = -h. Let s(n) = 4*a(n) + 2*k(n). Give s(-6).
-20
Let m(a) = -7*a - 11 - 8*a + a + 15*a. What is m(8)?
-3
Let u be (-3)/(36/(-38)) + -3. Let k(v) be the second derivative of 1/2*v**2 - 2*v - u*v**3 + 0. Calculate k(-3).
4
Let x be -2 - (-1)/(-1) - 3. Let n = -4 - x. Let y(o) = 6*o - 9 - 14*o - 2*o**2 + o**n. Determine y(-6).
3
Let m(h) = 7*h**3 + h**2 - h. Suppose r - 26 = 4*v, -3*v + 0*v + 9 = 4*r. Let a be ((-4)/r)/((-2)/3). Determine m(a).
7
Let f(a) = -a - 2. Suppose 15*z - 17*z = -6. Determine f(z).
-5
Let y(v) = -2*v**3 + 3*v**3 - 3*v**2 + 6*v**3 + v**2 + v. What is y(1)?
6
Let p(w) = w**3 - 4*w**2 - 2*w + 3. Suppose 40 = 5*r - 5*c, -3*r + 0*c + 6 = 3*c. Suppose -5*x - 36 = -y, 121 = r*y - x + 13. Suppose -y = -3*q - 9. Give p(q).
-5
Suppose 2*c - 3*c + 11 = 0. Let h be 2/c - (-2)/(-11). Let m(k) = -k - 10. Calculate m(h).
-10
Let l(p) = p**2 + 6*p + 4. Let f be l(-6). Let t(k) = k + f + 2 + 0*k - 2. Determine t(3).
7
Let l(v) = 3*v + 1 - 8 + 2. Calculate l(5).
10
Let h(y) = y**3 - 6*y**2 - 8*y - 3. Suppose 4*w = 6*w - 14. Give h(w).
-10
Let j(l) be the third derivative of l**4/24 - l**3/2 + 2*l**2. Suppose 5*m - 10 = -3*a, 10 = 2*a + 7*m - 3*m. Let k = a + 10. Give j(k).
2
Let o(r) = r**2 - 6*r - 4. Let v be o(7). Let y(h) = -h**3 + 3*h**2 - 3*h - 2. Give y(v).
-11
Let d(a) = -a**3 - 2*a**2. Let f = 7 + -9. Let c be d(f). Let q(i) = i**3 + i**2 - 2. What is q(c)?
-2
Let q(v) = v**2 + 11 + 0 + v**3 + 3. Calculate q(0).
14
Let d(w) = w + 16. Let s be d(-13). Let f be (-8)/(s - 7) - 0. Let b(j) = -j**2 + j + 2. Calculate b(f).
0
Let r(g) = -2 - g - g - 4 + 4. What is r(-5)?
8
Suppose 0*s - s + j = 13, 3*j + 38 = -4*s. Let r = 15 + s. Suppose -r = 3*p - p. Let g(i) = 2*i + 1. What is g(p)?
-3
Let l(g) = 18*g + 20*g - 5 - 46*g. What is l(-4)?
27
Let l(p) = -p**2 + p - 1. Let b(g) = -g**3 + 3*g**2 + g + 3. Let m(n) = b(n) - 2*l(n). What is m(5)?
0
Suppose -3 = i + 4*o, 3*o = -2*i - 2*i + 1. Let y(k) = -14*k**3 - k**2 + k. Calculate y(i).
-14
Let f(n) = -3. Let k(p) be the first derivative of p**2/2 + 2. Let l(y) = -f(y) - 2*k(y). Give l(2).
-1
Let c(s) = 32*s + 261. Let y be c(-8). Let z(g) = -5*g - 41. Let w(l) = -2*l - 14. Let t(k) = 8*w(k) - 3*z(k). Calculate t(y).
6
Let w = -4 - -6. Let c(p) = -p**2 - 2*p + 1. Let k(d) = 3*d**2 + 5*d - 4. Let i(n) = w*k(n) + 7*c(n). Let z be -3*2/6 - 4. Give i(z).
-6
Let b(a) be the third derivative of -1/15*a**5 - 1/120*a**6 + 0*a**4 + 0*a + 0 + 1/2*a**3 - 2*a**2. Let n = -20 - -17. What is b(n)?
-6
Let k(s) = 2*s**3 - 2*s**2 - 2*s - 1. Let t be (-2)/6 + 185/15. Let h = -35 + 50. Let f be t/(-10) - (-3)/h. Calculate k(f).
-3
Let k(w) = -w - 4. Let s = 29 - 32. Give k(s).
-1
Let i(c) = 2*c**2 - 4*c**2 + c**2 - 16 + 6*c + 9. Give i(5).
-2
Let c(g) be the third derivative of -g**6/120 + 7*g**5/60 - g**4/12 + 5*g**3/3 - 8*g**2. What is c(7)?
-4
Let n(t) = -7*t + 1. Suppose 23 = -3*p - 91. Let m be p/(-6) + (-8)/(-12). Suppose -4*q + m = -5*g + 3, 4*g = q - 1. Give n(q).
-6
Let g(s) = s**2 - 8*s + 4. Suppose 4*p = -3*n + 14, -4*n + 3*p - 4*p + 23 = 0. Determine g(n).
-8
Let t(c) = -28*c + 16*c + 6*c. What is t(2)?
-12
Suppose 0 = 3*c + h - 11, -2*c + 11 = -5*h + 32. Let q(l) be the first derivative of 0*l**3 - 1/2*l**4 - c - l + 0*l**2. What is q(-1)?
1
Let d = 87 - 84. Let o(x) be the second derivative of 0 - 1/12*x**4 + 2*x**2 + 1/3*x**3 - x. Calculate o(d).
1
Let f(y) be the first derivative of -y**3/3 + 5*y**2/2 + 4*y - 12. Determine f(7).
-10
Let u(f) = 3*f**3 + f**2 - f. Let q be u(1). Suppose q*j = 2*a - 18, -a = -j + 2*j + 1. Let z(w) = -2*w. Determine z(j).
8
Let x = 51 + -51. Let q(u) = 5*u**3 + u**2 + 5*u - 1. Let d(b) = -14*b**3 - 3*b**2 - 14*b + 2. Let c(l) = 6*d(l) + 17*q(l). Give c(x).
-5
Let h = 62 - 65. Let b(v) = -2*v**2 - 3*v + 2. Determine b(h).
-7
Suppose -4*u + 0*u - 12 = 0. Let v(p) = -p**2 - 7*p - 3. Give v(u).
9
Let a(m) = m**2 - 7*m + 4. Let y(l) be the first derivative of -l**3/3 + 9*l**2/2 - 15*l + 5. Let i be y(6). Determine a(i).
-8
Let m(h) be the second derivative of -h**4/12 + h**3/2 + 3*h**2 - 114*h. Let b be 1/((-2)/(-4)) - -3. Determine m(b).
-4
Let s be 0 - 7/((-21)/9). Let y(k) be the second derivative of s*k + 0 - 1/12*k**4 - 1/3*k**3 - 1/2*k**2. Calculate y(-2).
-1
Suppose -47 = -3*u + 34. Suppose 3*d + 0*w = w - 17, -5*d - u = -w. Let k(h) = -11*h + 8. Let a(c) = -9*c + 7. Let b(q) = 6*a(q) - 5*k(q). Calculate b(d).
-3
Let n = -3 + 5. Suppose n*v = -2*v + 2*g, -4*g = -2*v - 6. Let r(o) = -